{"id":12,"date":"2016-03-30T16:01:07","date_gmt":"2016-03-30T16:01:07","guid":{"rendered":"http:\/\/rira.compub.com\/burlington\/about-rira\/"},"modified":"2025-02-25T19:30:56","modified_gmt":"2025-02-25T19:30:56","slug":"about-rira","status":"publish","type":"page","link":"https:\/\/rira.com\/burlington\/about-rira\/","title":{"rendered":"About R\u00ed R\u00e1"},"content":{"rendered":"<p>About R\u00edR\u00e1 page<\/p>\n","protected":false},"excerpt":{"rendered":"<p>About R\u00edR\u00e1 page<\/p>\n","protected":false},"author":1,"featured_media":0,"parent":0,"menu_order":6,"comment_status":"closed","ping_status":"closed","template":"page-templates\/template-about.php","meta":{"_acf_changed":false},"class_list":["post-12","page","type-page","status-publish","hentry"],"acf":[],"_links":{"self":[{"href":"https:\/\/rira.com\/burlington\/wp-json\/wp\/v2\/pages\/12","targetHints":{"allow":["GET"]}}],"collection":[{"href":"https:\/\/rira.com\/burlington\/wp-json\/wp\/v2\/pages"}],"about":[{"href":"https:\/\/rira.com\/burlington\/wp-json\/wp\/v2\/types\/page"}],"author":[{"embeddable":true,"href":"https:\/\/rira.com\/burlington\/wp-json\/wp\/v2\/users\/1"}],"replies":[{"embeddable":true,"href":"https:\/\/rira.com\/burlington\/wp-json\/wp\/v2\/comments?post=12"}],"version-history":[{"count":5,"href":"https:\/\/rira.com\/burlington\/wp-json\/wp\/v2\/pages\/12\/revisions"}],"predecessor-version":[{"id":11738,"href":"https:\/\/rira.com\/burlington\/wp-json\/wp\/v2\/pages\/12\/revisions\/11738"}],"wp:attachment":[{"href":"https:\/\/rira.com\/burlington\/wp-json\/wp\/v2\/media?parent=12"}],"curies":[{"name":"wp","href":"https:\/\/api.w.org\/{rel}","templated":true}]}}